{"id":42,"date":"2018-04-09T10:24:09","date_gmt":"2018-04-09T08:24:09","guid":{"rendered":"http:\/\/www.atelier-autruche-chapeaux.com\/?page_id=42"},"modified":"2026-02-25T17:16:20","modified_gmt":"2026-02-25T16:16:20","slug":"sur-mesure","status":"publish","type":"page","link":"https:\/\/www.atelier-autruche-chapeaux.com\/index.php\/sur-mesure\/","title":{"rendered":"Sur Mesure"},"content":{"rendered":"\t\t<div data-elementor-type=\"wp-page\" data-elementor-id=\"42\" class=\"elementor elementor-42\">\n\t\t\t\t<div class=\"elementor-element elementor-element-15e69b2 e-flex e-con-boxed e-con e-parent\" data-id=\"15e69b2\" data-element_type=\"container\" data-e-type=\"container\">\n\t\t\t\t\t<div class=\"e-con-inner\">\n\t\t\t\t<div class=\"elementor-element elementor-element-6b4c856 elementor-widget elementor-widget-heading\" data-id=\"6b4c856\" data-element_type=\"widget\" data-e-type=\"widget\" data-widget_type=\"heading.default\">\n\t\t\t\t<div class=\"elementor-widget-container\">\n\t\t\t\t\t<h2 class=\"elementor-heading-title elementor-size-default\">Sur Mesure<\/h2>\t\t\t\t<\/div>\n\t\t\t\t<\/div>\n\t\t\t\t\t<\/div>\n\t\t\t\t<\/div>\n\t\t<div class=\"elementor-element elementor-element-35fdb1e e-flex e-con-boxed e-con e-parent\" data-id=\"35fdb1e\" data-element_type=\"container\" data-e-type=\"container\">\n\t\t\t\t\t<div class=\"e-con-inner\">\n\t\t<div class=\"elementor-element elementor-element-37ed222 e-con-full e-flex e-con e-child\" data-id=\"37ed222\" data-element_type=\"container\" data-e-type=\"container\">\n\t\t\t\t<div class=\"elementor-element elementor-element-4f30693 elementor-widget__width-initial elementor-widget elementor-widget-text-editor\" data-id=\"4f30693\" data-element_type=\"widget\" data-e-type=\"widget\" data-widget_type=\"text-editor.default\">\n\t\t\t\t<div class=\"elementor-widget-container\">\n\t\t\t\t\t\t\t\t\t<p>Il n\u2019est pas facile de choisir seul le chapeau qui vous accompagnera dans la vie de tous les jours ou dans les moments fort comme les mariages, des f\u00eates ou d\u2019autres grandes occasions.<\/p><p>Forte d\u2019une exp\u00e9rience de plus de 25 ans dans la cr\u00e9ation de chapeaux, je vous offre un service de confection et de conseil sur mesure. Ensemble nous choisirons le mod\u00e8le qui vous met en valeur, dans lequel vous vous sentez bien. Selon votre style, votre tenue et votre silhouette je vous ferai plusieurs propositions. Vous pouvez \u00e9galement me montrer des photos ou des dessins de chapeaux qui vous inspirent. Nous choisirons la forme, les couleurs et les mati\u00e8res en fonction de votre tenue et vos envies afin de r\u00e9aliser votre chapeau sur mesure.<\/p><p>Si vous ne pouvez pas venir me rendre visite \u00e0 l\u2019atelier, vous pouvez \u00e9galement me contacter par t\u00e9l\u00e9phone au 06 89 13 74 55\u00a0 et m\u2019envoyer des photos de votre tenue ainsi que des \u00e9chantillons de mati\u00e8re.<\/p>\t\t\t\t\t\t\t\t<\/div>\n\t\t\t\t<\/div>\n\t\t\t\t<\/div>\n\t\t<div class=\"elementor-element elementor-element-2ba7925 e-con-full e-flex e-con e-child\" data-id=\"2ba7925\" data-element_type=\"container\" data-e-type=\"container\">\n\t\t\t\t<div class=\"elementor-element elementor-element-b25e474 elementor-widget elementor-widget-image\" data-id=\"b25e474\" data-element_type=\"widget\" data-e-type=\"widget\" data-widget_type=\"image.default\">\n\t\t\t\t<div class=\"elementor-widget-container\">\n\t\t\t\t\t\t\t\t\t\t\t\t\t\t\t<img decoding=\"async\" src=\"https:\/\/www.atelier-autruche-chapeaux.com\/wp-content\/uploads\/elementor\/thumbs\/Yvonne-photo-Martin-Griffin-rjdib7ixkfdubetfeplkrowwrcgg7qdlgvxbadd1h4.jpg\" title=\"Yvonne, photo Martin Griffin\" alt=\"Yvonne, photo Martin Griffin\" loading=\"lazy\" \/>\t\t\t\t\t\t\t\t\t\t\t\t\t\t\t<\/div>\n\t\t\t\t<\/div>\n\t\t\t\t<\/div>\n\t\t\t\t\t<\/div>\n\t\t\t\t<\/div>\n\t\t<div class=\"elementor-element elementor-element-f5b52fa e-flex e-con-boxed e-con e-parent\" data-id=\"f5b52fa\" data-element_type=\"container\" data-e-type=\"container\">\n\t\t\t\t\t<div class=\"e-con-inner\">\n\t\t<div class=\"elementor-element elementor-element-ebc1663 e-con-full e-flex e-con e-child\" data-id=\"ebc1663\" data-element_type=\"container\" data-e-type=\"container\">\n\t\t\t\t<div class=\"elementor-element elementor-element-187e642 elementor-widget elementor-widget-text-editor\" data-id=\"187e642\" data-element_type=\"widget\" data-e-type=\"widget\" data-widget_type=\"text-editor.default\">\n\t\t\t\t<div class=\"elementor-widget-container\">\n\t\t\t\t\t\t\t\t\t<p><strong><span style=\"text-decoration: underline;\">Bien choisir son chapeaux<\/span><\/strong><\/p><p>F\u00e9dora, capeline, chapeau cloche, casquette, b\u00e9ret ou bibi\u00a0? \u00ab\u00a0Mais quelle chapeau m\u2019irai bien\u00a0?\u00a0\u00bb<\/p><p>Je vous accompagnerai avec plaisir dans le choix de votre chapeau, car selon l\u2019occasion et la saison les mod\u00e8les ne seront pas les m\u00eames.<\/p><p>Prenez le temps d\u2019essayer plusieurs formes de chapeaux pour voir quel mod\u00e8le sera en harmonie avec votre forme de visage, votre style et vos envies.<\/p><p>Pour bien choisir votre chapeau, il faut que ce dernier soit \u00e0 la bonne taille.\u00a0 Si il est trop petit il restera coinc\u00e9 en haut du cr\u00e2ne et si il et trop grand il vous cachera les yeux et il s\u2019envolera au premier coup de vent.<\/p>\t\t\t\t\t\t\t\t<\/div>\n\t\t\t\t<\/div>\n\t\t\t\t<\/div>\n\t\t<div class=\"elementor-element elementor-element-6d83e0e e-con-full e-flex e-con e-child\" data-id=\"6d83e0e\" data-element_type=\"container\" data-e-type=\"container\">\n\t\t\t\t<div class=\"elementor-element elementor-element-ab0acb8 elementor-widget elementor-widget-text-editor\" data-id=\"ab0acb8\" data-element_type=\"widget\" data-e-type=\"widget\" data-widget_type=\"text-editor.default\">\n\t\t\t\t<div class=\"elementor-widget-container\">\n\t\t\t\t\t\t\t\t\t<p><span style=\"text-decoration: underline;\"><strong>Bien prendre son tour de t\u00eate<\/strong><\/span><\/p><p><strong>Le tour de t\u00eate<\/strong> ou bien <strong>taille du de chapeau<\/strong> est la mesure du <strong>p\u00e9rim\u00e8tre cr\u00e2nien en centim\u00e8tres<\/strong>, \u00e0 l\u2019<strong>endroit exact ou le chapeau va se porter<\/strong>.<\/p><p>Pour bien prendre cette mesure, demandez de l\u2019aide \u00e0 quelqu\u2019un, \u00e7a sera plus facile. Munissez vous d\u2019un m\u00e8tre ruban, faites le passer au milieu du front en passant \u00e0 environ 1 cm au-dessus des oreilles et sur la partie la plus forte de la t\u00eate \u00e0 l\u2019arri\u00e8re du cr\u00e2ne. Pour plus de confort\u00a0 il est pr\u00e9f\u00e9rable de ne pas trop serrer\u00a0!<\/p><p>Cette mesure varie entre 53 cm et 63 cm pour un adulte.<\/p>\t\t\t\t\t\t\t\t<\/div>\n\t\t\t\t<\/div>\n\t\t\t\t<\/div>\n\t\t\t\t\t<\/div>\n\t\t\t\t<\/div>\n\t\t<div class=\"elementor-element elementor-element-38faffe e-flex e-con-boxed e-con e-parent\" data-id=\"38faffe\" data-element_type=\"container\" data-e-type=\"container\">\n\t\t\t\t\t<div class=\"e-con-inner\">\n\t\t<div class=\"elementor-element elementor-element-3e95f16 e-con-full e-flex e-con e-child\" data-id=\"3e95f16\" data-element_type=\"container\" data-e-type=\"container\">\n\t\t\t\t<div class=\"elementor-element elementor-element-8e519d1 elementor-widget elementor-widget-text-editor\" data-id=\"8e519d1\" data-element_type=\"widget\" data-e-type=\"widget\" data-widget_type=\"text-editor.default\">\n\t\t\t\t<div class=\"elementor-widget-container\">\n\t\t\t\t\t\t\t\t\t<p><strong>Les tailles standard<\/strong><\/p><p><\/p><p>S\u00a0\u00a0\u00a0 = 55 cm<\/p><p>M\u00a0\u00a0 = 57 cm<\/p><p>L\u00a0\u00a0\u00a0 = 59 cm<\/p><p>XL = 61 cm<\/p>\t\t\t\t\t\t\t\t<\/div>\n\t\t\t\t<\/div>\n\t\t\t\t<\/div>\n\t\t<div class=\"elementor-element elementor-element-987c8e5 e-flex e-con-boxed e-con e-child\" data-id=\"987c8e5\" data-element_type=\"container\" data-e-type=\"container\">\n\t\t\t\t\t<div class=\"e-con-inner\">\n\t\t\t\t<div class=\"elementor-element elementor-element-950b631 elementor-widget__width-initial elementor-widget elementor-widget-image\" data-id=\"950b631\" data-element_type=\"widget\" data-e-type=\"widget\" data-widget_type=\"image.default\">\n\t\t\t\t<div class=\"elementor-widget-container\">\n\t\t\t\t\t\t\t\t\t\t\t\t\t\t\t<img fetchpriority=\"high\" decoding=\"async\" width=\"768\" height=\"1024\" src=\"https:\/\/www.atelier-autruche-chapeaux.com\/wp-content\/uploads\/2025\/02\/tour-de-tete-768x1024.jpg\" class=\"attachment-large size-large wp-image-1072\" alt=\"\" srcset=\"https:\/\/www.atelier-autruche-chapeaux.com\/wp-content\/uploads\/2025\/02\/tour-de-tete-768x1024.jpg 768w, https:\/\/www.atelier-autruche-chapeaux.com\/wp-content\/uploads\/2025\/02\/tour-de-tete-225x300.jpg 225w, https:\/\/www.atelier-autruche-chapeaux.com\/wp-content\/uploads\/2025\/02\/tour-de-tete-1152x1536.jpg 1152w, https:\/\/www.atelier-autruche-chapeaux.com\/wp-content\/uploads\/2025\/02\/tour-de-tete-1536x2048.jpg 1536w, https:\/\/www.atelier-autruche-chapeaux.com\/wp-content\/uploads\/2025\/02\/tour-de-tete-scaled.jpg 1920w\" sizes=\"(max-width: 768px) 100vw, 768px\" \/>\t\t\t\t\t\t\t\t\t\t\t\t\t\t\t<\/div>\n\t\t\t\t<\/div>\n\t\t\t\t\t<\/div>\n\t\t\t\t<\/div>\n\t\t\t\t\t<\/div>\n\t\t\t\t<\/div>\n\t\t<div class=\"elementor-element elementor-element-0ee2932 e-flex e-con-boxed e-con e-parent\" data-id=\"0ee2932\" data-element_type=\"container\" data-e-type=\"container\">\n\t\t\t\t\t<div class=\"e-con-inner\">\n\t\t\t\t<div class=\"elementor-element elementor-element-311f9a9 elementor-widget elementor-widget-text-editor\" data-id=\"311f9a9\" data-element_type=\"widget\" data-e-type=\"widget\" data-widget_type=\"text-editor.default\">\n\t\t\t\t<div class=\"elementor-widget-container\">\n\t\t\t\t\t\t\t\t\t<h3 class=\"Standard\"><b>Entretenir ses chapeaux<o:p><\/o:p><\/b><\/h3><p class=\"Standard\"><o:p>\u00a0<\/o:p>Le chapeau est un accessoire saisonnier, en \u00e9t\u00e9 il sera fabriqu\u00e9 en paille et l\u2019hiver en feutre. <o:p><\/o:p>Par cons\u00e9quence il est important de bien stocker vos couvre-chef quand vous ne les portez pas.\u00a0<\/p><p class=\"Standard\"><o:p><\/o:p><span style=\"text-decoration: underline;\">Adoptez les bons r\u00e9flexes\u00a0:<\/span><o:p><\/o:p><\/p><p class=\"Standard\">D\u2019abord, ranger vos chapeaux \u00e0 l\u2019abri de la poussi\u00e8re, de l\u2019humidit\u00e9, de la lumi\u00e8re et des changement brusques de temp\u00e9rature, id\u00e9alement dans une bo\u00eete \u00e0 chapeau.<o:p><\/o:p>Mais vous pouvez les garder \u00e9galement dans un placard en suivant les conseils suivants.\u00a0<o:p><\/o:p><o:p>\u00a0<\/o:p><\/p><p class=\"Standard\">Pour le stockage, pensez \u00e0 les rembourrer avec du papier afin qu\u2019ils conservent au mieux leur formes. Si vous les empilez, veillez \u00e0 mettre les plus plats au fond, les plus relev\u00e9 au dessus, les plus petits sur les plus grands.<o:p><\/o:p><\/p><p class=\"Standard\">Malgr\u00e9 toutes ces pr\u00e9cautions parfois votre chapeau en paille a besoin d\u2019une petite remise en forme quand le printemps pointe le bout de son nez. Pour cela rembourrer bien sa calotte de papier et utiliser un fer \u00e0 vapeur, vaporiser autour et laisser s\u00e9cher.<o:p><\/o:p><\/p><p class=\"Standard\">Vous pouvez \u00e9galement venir me voir \u00e0 l\u2019atelier et je peux effectuer une \u00ab\u00a0r\u00e9vision\u00a0\u00bb de votre couvre-chef\u00a0!<o:p><\/o:p><\/p>\t\t\t\t\t\t\t\t<\/div>\n\t\t\t\t<\/div>\n\t\t\t\t\t<\/div>\n\t\t\t\t<\/div>\n\t\t\t\t<\/div>\n\t\t","protected":false},"excerpt":{"rendered":"<p>Sur Mesure Il n\u2019est pas facile de choisir seul le chapeau qui vous accompagnera dans la vie de tous les jours ou dans les moments fort comme les mariages, des f\u00eates ou d\u2019autres grandes occasions. Forte d\u2019une exp\u00e9rience de plus de 25 ans dans la cr\u00e9ation de chapeaux, je vous offre un service de confection [&hellip;]<\/p>\n","protected":false},"author":1,"featured_media":0,"parent":0,"menu_order":0,"comment_status":"closed","ping_status":"closed","template":"elementor_header_footer","meta":{"footnotes":""},"class_list":["post-42","page","type-page","status-publish","hentry"],"_links":{"self":[{"href":"https:\/\/www.atelier-autruche-chapeaux.com\/index.php\/wp-json\/wp\/v2\/pages\/42","targetHints":{"allow":["GET"]}}],"collection":[{"href":"https:\/\/www.atelier-autruche-chapeaux.com\/index.php\/wp-json\/wp\/v2\/pages"}],"about":[{"href":"https:\/\/www.atelier-autruche-chapeaux.com\/index.php\/wp-json\/wp\/v2\/types\/page"}],"author":[{"embeddable":true,"href":"https:\/\/www.atelier-autruche-chapeaux.com\/index.php\/wp-json\/wp\/v2\/users\/1"}],"replies":[{"embeddable":true,"href":"https:\/\/www.atelier-autruche-chapeaux.com\/index.php\/wp-json\/wp\/v2\/comments?post=42"}],"version-history":[{"count":41,"href":"https:\/\/www.atelier-autruche-chapeaux.com\/index.php\/wp-json\/wp\/v2\/pages\/42\/revisions"}],"predecessor-version":[{"id":1355,"href":"https:\/\/www.atelier-autruche-chapeaux.com\/index.php\/wp-json\/wp\/v2\/pages\/42\/revisions\/1355"}],"wp:attachment":[{"href":"https:\/\/www.atelier-autruche-chapeaux.com\/index.php\/wp-json\/wp\/v2\/media?parent=42"}],"curies":[{"name":"wp","href":"https:\/\/api.w.org\/{rel}","templated":true}]}}

<div data-elementor-type="wp-page" data-elementor-id="42" class="elementor elementor-42">
				<div class="elementor-element elementor-element-15e69b2 e-flex e-con-boxed e-con e-parent" data-id="15e69b2" data-element_type="container" data-e-type="container">
					<div class="e-con-inner">
				<div class="elementor-element elementor-element-6b4c856 elementor-widget elementor-widget-heading" data-id="6b4c856" data-element_type="widget" data-e-type="widget" data-widget_type="heading.default">
				<div class="elementor-widget-container">
					<h2 class="elementor-heading-title elementor-size-default">Sur Mesure</h2>				</div>
				</div>
					</div>
				</div>
		<div class="elementor-element elementor-element-35fdb1e e-flex e-con-boxed e-con e-parent" data-id="35fdb1e" data-element_type="container" data-e-type="container">
					<div class="e-con-inner">
		<div class="elementor-element elementor-element-37ed222 e-con-full e-flex e-con e-child" data-id="37ed222" data-element_type="container" data-e-type="container">
				<div class="elementor-element elementor-element-4f30693 elementor-widget__width-initial elementor-widget elementor-widget-text-editor" data-id="4f30693" data-element_type="widget" data-e-type="widget" data-widget_type="text-editor.default">
				<div class="elementor-widget-container">
									<p>Il n’est pas facile de choisir seul le chapeau qui vous accompagnera dans la vie de tous les jours ou dans les moments fort comme les mariages, des fêtes ou d’autres grandes occasions.</p><p>Forte d’une expérience de plus de 25 ans dans la création de chapeaux, je vous offre un service de confection et de conseil sur mesure. Ensemble nous choisirons le modèle qui vous met en valeur, dans lequel vous vous sentez bien. Selon votre style, votre tenue et votre silhouette je vous ferai plusieurs propositions. Vous pouvez également me montrer des photos ou des dessins de chapeaux qui vous inspirent. Nous choisirons la forme, les couleurs et les matières en fonction de votre tenue et vos envies afin de réaliser votre chapeau sur mesure.</p><p>Si vous ne pouvez pas venir me rendre visite à l’atelier, vous pouvez également me contacter par téléphone au 06 89 13 74 55  et m’envoyer des photos de votre tenue ainsi que des échantillons de matière.</p>								</div>
				</div>
				</div>
		<div class="elementor-element elementor-element-2ba7925 e-con-full e-flex e-con e-child" data-id="2ba7925" data-element_type="container" data-e-type="container">
				<div class="elementor-element elementor-element-b25e474 elementor-widget elementor-widget-image" data-id="b25e474" data-element_type="widget" data-e-type="widget" data-widget_type="image.default">
				<div class="elementor-widget-container">
															<img decoding="async" src="https://www.atelier-autruche-chapeaux.com/wp-content/uploads/elementor/thumbs/Yvonne-photo-Martin-Griffin-rjdib7ixkfdubetfeplkrowwrcgg7qdlgvxbadd1h4.jpg" title="Yvonne, photo Martin Griffin" alt="Yvonne, photo Martin Griffin" loading="lazy" />															</div>
				</div>
				</div>
					</div>
				</div>
		<div class="elementor-element elementor-element-f5b52fa e-flex e-con-boxed e-con e-parent" data-id="f5b52fa" data-element_type="container" data-e-type="container">
					<div class="e-con-inner">
		<div class="elementor-element elementor-element-ebc1663 e-con-full e-flex e-con e-child" data-id="ebc1663" data-element_type="container" data-e-type="container">
				<div class="elementor-element elementor-element-187e642 elementor-widget elementor-widget-text-editor" data-id="187e642" data-element_type="widget" data-e-type="widget" data-widget_type="text-editor.default">
				<div class="elementor-widget-container">
									<p><strong><span style="text-decoration: underline;">Bien choisir son chapeaux</span></strong></p><p>Fédora, capeline, chapeau cloche, casquette, béret ou bibi ? « Mais quelle chapeau m’irai bien ? »</p><p>Je vous accompagnerai avec plaisir dans le choix de votre chapeau, car selon l’occasion et la saison les modèles ne seront pas les mêmes.</p><p>Prenez le temps d’essayer plusieurs formes de chapeaux pour voir quel modèle sera en harmonie avec votre forme de visage, votre style et vos envies.</p><p>Pour bien choisir votre chapeau, il faut que ce dernier soit à la bonne taille.  Si il est trop petit il restera coincé en haut du crâne et si il et trop grand il vous cachera les yeux et il s’envolera au premier coup de vent.</p>								</div>
				</div>
				</div>
		<div class="elementor-element elementor-element-6d83e0e e-con-full e-flex e-con e-child" data-id="6d83e0e" data-element_type="container" data-e-type="container">
				<div class="elementor-element elementor-element-ab0acb8 elementor-widget elementor-widget-text-editor" data-id="ab0acb8" data-element_type="widget" data-e-type="widget" data-widget_type="text-editor.default">
				<div class="elementor-widget-container">
									<p><span style="text-decoration: underline;"><strong>Bien prendre son tour de tête</strong></span></p><p><strong>Le tour de tête</strong> ou bien <strong>taille du de chapeau</strong> est la mesure du <strong>périmètre crânien en centimètres</strong>, à l’<strong>endroit exact ou le chapeau va se porter</strong>.</p><p>Pour bien prendre cette mesure, demandez de l’aide à quelqu’un, ça sera plus facile. Munissez vous d’un mètre ruban, faites le passer au milieu du front en passant à environ 1 cm au-dessus des oreilles et sur la partie la plus forte de la tête à l’arrière du crâne. Pour plus de confort  il est préférable de ne pas trop serrer !</p><p>Cette mesure varie entre 53 cm et 63 cm pour un adulte.</p>								</div>
				</div>
				</div>
					</div>
				</div>
		<div class="elementor-element elementor-element-38faffe e-flex e-con-boxed e-con e-parent" data-id="38faffe" data-element_type="container" data-e-type="container">
					<div class="e-con-inner">
		<div class="elementor-element elementor-element-3e95f16 e-con-full e-flex e-con e-child" data-id="3e95f16" data-element_type="container" data-e-type="container">
				<div class="elementor-element elementor-element-8e519d1 elementor-widget elementor-widget-text-editor" data-id="8e519d1" data-element_type="widget" data-e-type="widget" data-widget_type="text-editor.default">
				<div class="elementor-widget-container">
									<p><strong>Les tailles standard</strong></p><p></p><p>S    = 55 cm</p><p>M   = 57 cm</p><p>L    = 59 cm</p><p>XL = 61 cm</p>								</div>
				</div>
				</div>
		<div class="elementor-element elementor-element-987c8e5 e-flex e-con-boxed e-con e-child" data-id="987c8e5" data-element_type="container" data-e-type="container">
					<div class="e-con-inner">
				<div class="elementor-element elementor-element-950b631 elementor-widget__width-initial elementor-widget elementor-widget-image" data-id="950b631" data-element_type="widget" data-e-type="widget" data-widget_type="image.default">
				<div class="elementor-widget-container">
															<img fetchpriority="high" decoding="async" width="768" height="1024" src="https://www.atelier-autruche-chapeaux.com/wp-content/uploads/2025/02/tour-de-tete-768x1024.jpg" class="attachment-large size-large wp-image-1072" alt="" srcset="https://www.atelier-autruche-chapeaux.com/wp-content/uploads/2025/02/tour-de-tete-768x1024.jpg 768w, https://www.atelier-autruche-chapeaux.com/wp-content/uploads/2025/02/tour-de-tete-225x300.jpg 225w, https://www.atelier-autruche-chapeaux.com/wp-content/uploads/2025/02/tour-de-tete-1152x1536.jpg 1152w, https://www.atelier-autruche-chapeaux.com/wp-content/uploads/2025/02/tour-de-tete-1536x2048.jpg 1536w, https://www.atelier-autruche-chapeaux.com/wp-content/uploads/2025/02/tour-de-tete-scaled.jpg 1920w" sizes="(max-width: 768px) 100vw, 768px" />															</div>
				</div>
					</div>
				</div>
					</div>
				</div>
		<div class="elementor-element elementor-element-0ee2932 e-flex e-con-boxed e-con e-parent" data-id="0ee2932" data-element_type="container" data-e-type="container">
					<div class="e-con-inner">
				<div class="elementor-element elementor-element-311f9a9 elementor-widget elementor-widget-text-editor" data-id="311f9a9" data-element_type="widget" data-e-type="widget" data-widget_type="text-editor.default">
				<div class="elementor-widget-container">
									<h3 class="Standard"><b>Entretenir ses chapeaux<o:p></o:p></b></h3><p class="Standard"><o:p> </o:p>Le chapeau est un accessoire saisonnier, en été il sera fabriqué en paille et l’hiver en feutre. <o:p></o:p>Par conséquence il est important de bien stocker vos couvre-chef quand vous ne les portez pas. </p><p class="Standard"><o:p></o:p><span style="text-decoration: underline;">Adoptez les bons réflexes :</span><o:p></o:p></p><p class="Standard">D’abord, ranger vos chapeaux à l’abri de la poussière, de l’humidité, de la lumière et des changement brusques de température, idéalement dans une boîte à chapeau.<o:p></o:p>Mais vous pouvez les garder également dans un placard en suivant les conseils suivants. <o:p></o:p><o:p> </o:p></p><p class="Standard">Pour le stockage, pensez à les rembourrer avec du papier afin qu’ils conservent au mieux leur formes. Si vous les empilez, veillez à mettre les plus plats au fond, les plus relevé au dessus, les plus petits sur les plus grands.<o:p></o:p></p><p class="Standard">Malgré toutes ces précautions parfois votre chapeau en paille a besoin d’une petite remise en forme quand le printemps pointe le bout de son nez. Pour cela rembourrer bien sa calotte de papier et utiliser un fer à vapeur, vaporiser autour et laisser sécher.<o:p></o:p></p><p class="Standard">Vous pouvez également venir me voir à l’atelier et je peux effectuer une « révision » de votre couvre-chef !<o:p></o:p></p>								</div>
				</div>
					</div>
				</div>
				</div>

<p>Sur Mesure Il n’est pas facile de choisir seul le chapeau qui vous accompagnera dans la vie de tous les jours ou dans les moments fort comme les mariages, des fêtes ou d’autres grandes occasions. Forte d’une expérience de plus de 25 ans dans la création de chapeaux, je vous offre un service de confection [&hellip;]</p>
