{"id":731,"date":"2025-02-12T10:29:04","date_gmt":"2025-02-12T09:29:04","guid":{"rendered":"https:\/\/www.atelier-autruche-chapeaux.com\/?page_id=731"},"modified":"2026-02-26T11:14:21","modified_gmt":"2026-02-26T10:14:21","slug":"des-plumes-aux-chapeaux-et-des-chapeaux-aux-plumes","status":"publish","type":"page","link":"https:\/\/www.atelier-autruche-chapeaux.com\/","title":{"rendered":"Des plumes aux chapeaux et des chapeaux aux plumes \u2026"},"content":{"rendered":"\t\t<div data-elementor-type=\"wp-post\" data-elementor-id=\"731\" class=\"elementor elementor-731\">\n\t\t\t\t<div class=\"elementor-element elementor-element-c9284a5 e-con-full e-flex e-con e-parent\" data-id=\"c9284a5\" data-element_type=\"container\" data-e-type=\"container\">\n\t\t<div class=\"elementor-element elementor-element-fdef645 e-con-full e-flex e-con e-child\" data-id=\"fdef645\" data-element_type=\"container\" data-e-type=\"container\">\n\t\t\t\t<div class=\"elementor-element elementor-element-2898d81 elementor-widget__width-initial elementor-invisible elementor-widget elementor-widget-image\" data-id=\"2898d81\" data-element_type=\"widget\" data-e-type=\"widget\" data-settings=\"{&quot;_animation&quot;:&quot;fadeInDown&quot;}\" data-widget_type=\"image.default\">\n\t\t\t\t<div class=\"elementor-widget-container\">\n\t\t\t\t\t\t\t\t\t\t\t\t\t\t\t<img fetchpriority=\"high\" decoding=\"async\" width=\"683\" height=\"1024\" src=\"https:\/\/www.atelier-autruche-chapeaux.com\/wp-content\/uploads\/2026\/02\/Nuit-etoilee-Atelier-Autruche-photo-Anne-Laure-Etienne-1-683x1024.jpg\" class=\"attachment-large size-large wp-image-1324\" alt=\"\" srcset=\"https:\/\/www.atelier-autruche-chapeaux.com\/wp-content\/uploads\/2026\/02\/Nuit-etoilee-Atelier-Autruche-photo-Anne-Laure-Etienne-1-683x1024.jpg 683w, https:\/\/www.atelier-autruche-chapeaux.com\/wp-content\/uploads\/2026\/02\/Nuit-etoilee-Atelier-Autruche-photo-Anne-Laure-Etienne-1-200x300.jpg 200w, https:\/\/www.atelier-autruche-chapeaux.com\/wp-content\/uploads\/2026\/02\/Nuit-etoilee-Atelier-Autruche-photo-Anne-Laure-Etienne-1-768x1152.jpg 768w, https:\/\/www.atelier-autruche-chapeaux.com\/wp-content\/uploads\/2026\/02\/Nuit-etoilee-Atelier-Autruche-photo-Anne-Laure-Etienne-1.jpg 991w\" sizes=\"(max-width: 683px) 100vw, 683px\" \/>\t\t\t\t\t\t\t\t\t\t\t\t\t\t\t<\/div>\n\t\t\t\t<\/div>\n\t\t\t\t<\/div>\n\t\t<div class=\"elementor-element elementor-element-8d5b752 e-con-full e-flex e-con e-child\" data-id=\"8d5b752\" data-element_type=\"container\" data-e-type=\"container\">\n\t\t\t\t<div class=\"elementor-element elementor-element-bff57a8 elementor-invisible elementor-widget elementor-widget-image\" data-id=\"bff57a8\" data-element_type=\"widget\" data-e-type=\"widget\" data-settings=\"{&quot;_animation&quot;:&quot;fadeInDown&quot;}\" data-widget_type=\"image.default\">\n\t\t\t\t<div class=\"elementor-widget-container\">\n\t\t\t\t\t\t\t\t\t\t\t\t\t\t\t<img decoding=\"async\" width=\"684\" height=\"1024\" src=\"https:\/\/www.atelier-autruche-chapeaux.com\/wp-content\/uploads\/2026\/02\/Jardin-japonais-creation-Atelier-Autruche-photo-Anne-Laure-Etienne-2-684x1024.jpg\" class=\"attachment-large size-large wp-image-1323\" alt=\"\" srcset=\"https:\/\/www.atelier-autruche-chapeaux.com\/wp-content\/uploads\/2026\/02\/Jardin-japonais-creation-Atelier-Autruche-photo-Anne-Laure-Etienne-2-684x1024.jpg 684w, https:\/\/www.atelier-autruche-chapeaux.com\/wp-content\/uploads\/2026\/02\/Jardin-japonais-creation-Atelier-Autruche-photo-Anne-Laure-Etienne-2-200x300.jpg 200w, https:\/\/www.atelier-autruche-chapeaux.com\/wp-content\/uploads\/2026\/02\/Jardin-japonais-creation-Atelier-Autruche-photo-Anne-Laure-Etienne-2-768x1151.jpg 768w, https:\/\/www.atelier-autruche-chapeaux.com\/wp-content\/uploads\/2026\/02\/Jardin-japonais-creation-Atelier-Autruche-photo-Anne-Laure-Etienne-2-1025x1536.jpg 1025w, https:\/\/www.atelier-autruche-chapeaux.com\/wp-content\/uploads\/2026\/02\/Jardin-japonais-creation-Atelier-Autruche-photo-Anne-Laure-Etienne-2.jpg 1317w\" sizes=\"(max-width: 684px) 100vw, 684px\" \/>\t\t\t\t\t\t\t\t\t\t\t\t\t\t\t<\/div>\n\t\t\t\t<\/div>\n\t\t\t\t<\/div>\n\t\t<div class=\"elementor-element elementor-element-b503864 e-con-full e-flex elementor-invisible e-con e-child\" data-id=\"b503864\" data-element_type=\"container\" data-e-type=\"container\" data-settings=\"{&quot;animation&quot;:&quot;fadeInDown&quot;}\">\n\t\t\t\t<div class=\"elementor-element elementor-element-82e5552 elementor-widget elementor-widget-image\" data-id=\"82e5552\" data-element_type=\"widget\" data-e-type=\"widget\" data-widget_type=\"image.default\">\n\t\t\t\t<div class=\"elementor-widget-container\">\n\t\t\t\t\t\t\t\t\t\t\t\t\t\t\t<img decoding=\"async\" width=\"684\" height=\"1024\" src=\"https:\/\/www.atelier-autruche-chapeaux.com\/wp-content\/uploads\/2026\/02\/Anemone-creation-Atelier-Autruche-photo-Anne-Laure-Etienne-1-684x1024.jpg\" class=\"attachment-large size-large wp-image-1322\" alt=\"\" srcset=\"https:\/\/www.atelier-autruche-chapeaux.com\/wp-content\/uploads\/2026\/02\/Anemone-creation-Atelier-Autruche-photo-Anne-Laure-Etienne-1-684x1024.jpg 684w, https:\/\/www.atelier-autruche-chapeaux.com\/wp-content\/uploads\/2026\/02\/Anemone-creation-Atelier-Autruche-photo-Anne-Laure-Etienne-1-200x300.jpg 200w, https:\/\/www.atelier-autruche-chapeaux.com\/wp-content\/uploads\/2026\/02\/Anemone-creation-Atelier-Autruche-photo-Anne-Laure-Etienne-1-768x1150.jpg 768w, https:\/\/www.atelier-autruche-chapeaux.com\/wp-content\/uploads\/2026\/02\/Anemone-creation-Atelier-Autruche-photo-Anne-Laure-Etienne-1-1026x1536.jpg 1026w, https:\/\/www.atelier-autruche-chapeaux.com\/wp-content\/uploads\/2026\/02\/Anemone-creation-Atelier-Autruche-photo-Anne-Laure-Etienne-1.jpg 1282w\" sizes=\"(max-width: 684px) 100vw, 684px\" \/>\t\t\t\t\t\t\t\t\t\t\t\t\t\t\t<\/div>\n\t\t\t\t<\/div>\n\t\t\t\t<\/div>\n\t\t\t\t<\/div>\n\t\t<div class=\"elementor-element elementor-element-1e1d098 e-con-full e-flex e-con e-parent\" data-id=\"1e1d098\" data-element_type=\"container\" data-e-type=\"container\">\n\t\t\t\t<div class=\"elementor-element elementor-element-5d5fa26 elementor-widget elementor-widget-heading\" data-id=\"5d5fa26\" data-element_type=\"widget\" data-e-type=\"widget\" data-widget_type=\"heading.default\">\n\t\t\t\t<div class=\"elementor-widget-container\">\n\t\t\t\t\t<h1 class=\"elementor-heading-title elementor-size-default\">Des plumes aux chapeaux et des chapeaux aux plumes \u2026<\/h1>\t\t\t\t<\/div>\n\t\t\t\t<\/div>\n\t\t\t\t<\/div>\n\t\t<div class=\"elementor-element elementor-element-ad5ce38 e-con-full e-flex e-con e-parent\" data-id=\"ad5ce38\" data-element_type=\"container\" data-e-type=\"container\">\n\t\t<div class=\"elementor-element elementor-element-4ec27d1 e-con-full e-flex e-con e-child\" data-id=\"4ec27d1\" data-element_type=\"container\" data-e-type=\"container\">\n\t\t\t\t<div class=\"elementor-element elementor-element-fdf9f3e elementor-invisible elementor-widget elementor-widget-text-editor\" data-id=\"fdf9f3e\" data-element_type=\"widget\" data-e-type=\"widget\" data-settings=\"{&quot;_animation&quot;:&quot;slideInLeft&quot;}\" data-widget_type=\"text-editor.default\">\n\t\t\t\t<div class=\"elementor-widget-container\">\n\t\t\t\t\t\t\t\t\t<p>Les objets de m\u00e9tamorphoses de Stefanie Wesle illuminent les visages et les murs de la maison.<\/p><p>Atelier Autruche\u00a0 vous propose une large gamme de chapeaux et d\u2019objets de d\u00e9coration en plumes.<\/p><p>Modiste depuis 1999 sous la marque Atelier Autruche Chapeaux, Stefanie Wesle sublime les merveilles de la nature, feutre, laine, plumes, paille naturelle en s\u2019appuyant sur les techniques traditionnelles de moulage sur bois, de tresse de paille cousue et de plumasserie.<\/p><p>Des capelines, des bandeaux, des cloches et des coiffes sur serre-t\u00eate sont propos\u00e9s dans une gamme de couleurs large et vari\u00e9e.<\/p><p>Dans un soucis permanent de perfectionnement, nous vous garantissons un travail de qualit\u00e9 sur mesure, des conseils personnalis\u00e9s et des articles haut de gamme qui ponctuent une collection d\u00e9di\u00e9e \u00e0 la beaut\u00e9 et \u00e0 l\u2019\u00e9l\u00e9gance.<\/p><p>Un long parcours d\u2019artisan d\u2019art passionn\u00e9 de technique et de recherche a permis \u00e0 l\u2019Atelier Autruche de se voir d\u00e9cerner en 2010 le label \u201cEntreprise du Patrimoine Vivant\u201d pour l\u2019excellence de son savoir-faire ainsi que le \u00ab\u00a0titre ma\u00eetre artisan d\u2019art\u00a0\u00bb modiste.<\/p>\t\t\t\t\t\t\t\t<\/div>\n\t\t\t\t<\/div>\n\t\t\t\t<\/div>\n\t\t<div class=\"elementor-element elementor-element-5067436 e-con-full e-flex e-con e-child\" data-id=\"5067436\" data-element_type=\"container\" data-e-type=\"container\">\n\t\t\t\t<div class=\"elementor-element elementor-element-d838648 elementor-invisible elementor-widget elementor-widget-image\" data-id=\"d838648\" data-element_type=\"widget\" data-e-type=\"widget\" data-settings=\"{&quot;_animation&quot;:&quot;slideInRight&quot;}\" data-widget_type=\"image.default\">\n\t\t\t\t<div class=\"elementor-widget-container\">\n\t\t\t\t\t\t\t\t\t\t\t\t\t\t\t<img loading=\"lazy\" decoding=\"async\" width=\"284\" height=\"1024\" src=\"https:\/\/www.atelier-autruche-chapeaux.com\/wp-content\/uploads\/2026\/02\/Design-sans-titre-2-284x1024.png\" class=\"attachment-large size-large wp-image-1356\" alt=\"\" srcset=\"https:\/\/www.atelier-autruche-chapeaux.com\/wp-content\/uploads\/2026\/02\/Design-sans-titre-2-284x1024.png 284w, https:\/\/www.atelier-autruche-chapeaux.com\/wp-content\/uploads\/2026\/02\/Design-sans-titre-2-83x300.png 83w\" sizes=\"(max-width: 284px) 100vw, 284px\" \/>\t\t\t\t\t\t\t\t\t\t\t\t\t\t\t<\/div>\n\t\t\t\t<\/div>\n\t\t\t\t<\/div>\n\t\t\t\t<\/div>\n\t\t<div class=\"elementor-element elementor-element-c040fec e-con-full e-flex e-con e-parent\" data-id=\"c040fec\" data-element_type=\"container\" data-e-type=\"container\">\n\t\t\t\t<div class=\"elementor-element elementor-element-45741ab elementor-invisible elementor-widget elementor-widget-text-editor\" data-id=\"45741ab\" data-element_type=\"widget\" data-e-type=\"widget\" data-settings=\"{&quot;_animation&quot;:&quot;fadeInUp&quot;}\" data-widget_type=\"text-editor.default\">\n\t\t\t\t<div class=\"elementor-widget-container\">\n\t\t\t\t\t\t\t\t\t<p>Je vous souhaite une excellente visite !<\/p>\t\t\t\t\t\t\t\t<\/div>\n\t\t\t\t<\/div>\n\t\t\t\t<\/div>\n\t\t<div class=\"elementor-element elementor-element-25b23d7 e-con-full e-flex e-con e-parent\" data-id=\"25b23d7\" data-element_type=\"container\" data-e-type=\"container\">\n\t\t<div class=\"elementor-element elementor-element-9b10d62 e-con-full e-flex e-con e-child\" data-id=\"9b10d62\" data-element_type=\"container\" data-e-type=\"container\">\n\t\t\t\t<div class=\"elementor-element elementor-element-04e9af1 e-transform elementor-invisible elementor-widget elementor-widget-image\" data-id=\"04e9af1\" data-element_type=\"widget\" data-e-type=\"widget\" data-settings=\"{&quot;_animation&quot;:&quot;fadeInLeft&quot;,&quot;_transform_scale_effect_hover&quot;:{&quot;unit&quot;:&quot;px&quot;,&quot;size&quot;:1.2,&quot;sizes&quot;:[]},&quot;_transform_scale_effect_hover_tablet&quot;:{&quot;unit&quot;:&quot;px&quot;,&quot;size&quot;:&quot;&quot;,&quot;sizes&quot;:[]},&quot;_transform_scale_effect_hover_mobile&quot;:{&quot;unit&quot;:&quot;px&quot;,&quot;size&quot;:&quot;&quot;,&quot;sizes&quot;:[]}}\" data-widget_type=\"image.default\">\n\t\t\t\t<div class=\"elementor-widget-container\">\n\t\t\t\t\t\t\t\t\t\t\t\t<figure class=\"wp-caption\">\n\t\t\t\t\t\t\t\t\t\t\t<a href=\"https:\/\/www.atelier-autruche-chapeaux.com\/index.php\/creations\/\">\n\t\t\t\t\t\t\t<img loading=\"lazy\" decoding=\"async\" width=\"200\" height=\"200\" src=\"https:\/\/www.atelier-autruche-chapeaux.com\/wp-content\/uploads\/2026\/02\/Mariage-et-Ceremonie.png\" class=\"attachment-full size-full wp-image-1340\" alt=\"\" srcset=\"https:\/\/www.atelier-autruche-chapeaux.com\/wp-content\/uploads\/2026\/02\/Mariage-et-Ceremonie.png 200w, https:\/\/www.atelier-autruche-chapeaux.com\/wp-content\/uploads\/2026\/02\/Mariage-et-Ceremonie-150x150.png 150w\" sizes=\"(max-width: 200px) 100vw, 200px\" \/>\t\t\t\t\t\t\t\t<\/a>\n\t\t\t\t\t\t\t\t\t\t\t<figcaption class=\"widget-image-caption wp-caption-text\">Les Chapeaux<\/figcaption>\n\t\t\t\t\t\t\t\t\t\t<\/figure>\n\t\t\t\t\t\t\t\t\t<\/div>\n\t\t\t\t<\/div>\n\t\t\t\t<\/div>\n\t\t<div class=\"elementor-element elementor-element-b58e161 e-con-full e-flex e-con e-child\" data-id=\"b58e161\" data-element_type=\"container\" data-e-type=\"container\">\n\t\t\t\t<div class=\"elementor-element elementor-element-5d20f23 e-transform elementor-invisible elementor-widget elementor-widget-image\" data-id=\"5d20f23\" data-element_type=\"widget\" data-e-type=\"widget\" data-settings=\"{&quot;_animation&quot;:&quot;fadeInUp&quot;,&quot;_transform_scale_effect_hover&quot;:{&quot;unit&quot;:&quot;px&quot;,&quot;size&quot;:1.2,&quot;sizes&quot;:[]},&quot;_transform_scale_effect_hover_tablet&quot;:{&quot;unit&quot;:&quot;px&quot;,&quot;size&quot;:&quot;&quot;,&quot;sizes&quot;:[]},&quot;_transform_scale_effect_hover_mobile&quot;:{&quot;unit&quot;:&quot;px&quot;,&quot;size&quot;:&quot;&quot;,&quot;sizes&quot;:[]}}\" data-widget_type=\"image.default\">\n\t\t\t\t<div class=\"elementor-widget-container\">\n\t\t\t\t\t\t\t\t\t\t\t\t<figure class=\"wp-caption\">\n\t\t\t\t\t\t\t\t\t\t\t<a href=\"https:\/\/www.atelier-autruche-chapeaux.com\/index.php\/2020\/04\/22\/creations-plumes\/\">\n\t\t\t\t\t\t\t<img loading=\"lazy\" decoding=\"async\" width=\"200\" height=\"200\" src=\"https:\/\/www.atelier-autruche-chapeaux.com\/wp-content\/uploads\/2026\/02\/Mariage-et-Ceremonie-1.png\" class=\"attachment-full size-full wp-image-1339\" alt=\"\" srcset=\"https:\/\/www.atelier-autruche-chapeaux.com\/wp-content\/uploads\/2026\/02\/Mariage-et-Ceremonie-1.png 200w, https:\/\/www.atelier-autruche-chapeaux.com\/wp-content\/uploads\/2026\/02\/Mariage-et-Ceremonie-1-150x150.png 150w\" sizes=\"(max-width: 200px) 100vw, 200px\" \/>\t\t\t\t\t\t\t\t<\/a>\n\t\t\t\t\t\t\t\t\t\t\t<figcaption class=\"widget-image-caption wp-caption-text\">Les Oeuvres d'Art<\/figcaption>\n\t\t\t\t\t\t\t\t\t\t<\/figure>\n\t\t\t\t\t\t\t\t\t<\/div>\n\t\t\t\t<\/div>\n\t\t\t\t<\/div>\n\t\t<div class=\"elementor-element elementor-element-76bce4b e-con-full e-flex e-con e-child\" data-id=\"76bce4b\" data-element_type=\"container\" data-e-type=\"container\">\n\t\t\t\t<div class=\"elementor-element elementor-element-59b25f2 e-transform elementor-invisible elementor-widget elementor-widget-image\" data-id=\"59b25f2\" data-element_type=\"widget\" data-e-type=\"widget\" data-settings=\"{&quot;_animation&quot;:&quot;fadeInRight&quot;,&quot;_transform_scale_effect_hover&quot;:{&quot;unit&quot;:&quot;px&quot;,&quot;size&quot;:1.2,&quot;sizes&quot;:[]},&quot;_transform_scale_effect_hover_tablet&quot;:{&quot;unit&quot;:&quot;px&quot;,&quot;size&quot;:&quot;&quot;,&quot;sizes&quot;:[]},&quot;_transform_scale_effect_hover_mobile&quot;:{&quot;unit&quot;:&quot;px&quot;,&quot;size&quot;:&quot;&quot;,&quot;sizes&quot;:[]}}\" data-widget_type=\"image.default\">\n\t\t\t\t<div class=\"elementor-widget-container\">\n\t\t\t\t\t\t\t\t\t\t\t\t<figure class=\"wp-caption\">\n\t\t\t\t\t\t\t\t\t\t\t<a href=\"https:\/\/www.atelier-autruche-chapeaux.com\/index.php\/elementor-729\/\">\n\t\t\t\t\t\t\t<img loading=\"lazy\" decoding=\"async\" width=\"200\" height=\"200\" src=\"https:\/\/www.atelier-autruche-chapeaux.com\/wp-content\/uploads\/2026\/02\/Mariage-et-Ceremonie-2.png\" class=\"attachment-full size-full wp-image-1338\" alt=\"\" srcset=\"https:\/\/www.atelier-autruche-chapeaux.com\/wp-content\/uploads\/2026\/02\/Mariage-et-Ceremonie-2.png 200w, https:\/\/www.atelier-autruche-chapeaux.com\/wp-content\/uploads\/2026\/02\/Mariage-et-Ceremonie-2-150x150.png 150w\" sizes=\"(max-width: 200px) 100vw, 200px\" \/>\t\t\t\t\t\t\t\t<\/a>\n\t\t\t\t\t\t\t\t\t\t\t<figcaption class=\"widget-image-caption wp-caption-text\">Les Accessoires en plume<\/figcaption>\n\t\t\t\t\t\t\t\t\t\t<\/figure>\n\t\t\t\t\t\t\t\t\t<\/div>\n\t\t\t\t<\/div>\n\t\t\t\t<\/div>\n\t\t\t\t<\/div>\n\t\t\t\t<\/div>\n\t\t","protected":false},"excerpt":{"rendered":"<p>Des plumes aux chapeaux et des chapeaux aux plumes \u2026 Les objets de m\u00e9tamorphoses de Stefanie Wesle illuminent les visages et les murs de la maison. Atelier Autruche\u00a0 vous propose une large gamme de chapeaux et d\u2019objets de d\u00e9coration en plumes. Modiste depuis 1999 sous la marque Atelier Autruche Chapeaux, Stefanie Wesle sublime les merveilles [&hellip;]<\/p>\n","protected":false},"author":1,"featured_media":0,"parent":0,"menu_order":0,"comment_status":"closed","ping_status":"closed","template":"elementor_header_footer","meta":{"footnotes":""},"class_list":["post-731","page","type-page","status-publish","hentry"],"_links":{"self":[{"href":"https:\/\/www.atelier-autruche-chapeaux.com\/index.php\/wp-json\/wp\/v2\/pages\/731","targetHints":{"allow":["GET"]}}],"collection":[{"href":"https:\/\/www.atelier-autruche-chapeaux.com\/index.php\/wp-json\/wp\/v2\/pages"}],"about":[{"href":"https:\/\/www.atelier-autruche-chapeaux.com\/index.php\/wp-json\/wp\/v2\/types\/page"}],"author":[{"embeddable":true,"href":"https:\/\/www.atelier-autruche-chapeaux.com\/index.php\/wp-json\/wp\/v2\/users\/1"}],"replies":[{"embeddable":true,"href":"https:\/\/www.atelier-autruche-chapeaux.com\/index.php\/wp-json\/wp\/v2\/comments?post=731"}],"version-history":[{"count":44,"href":"https:\/\/www.atelier-autruche-chapeaux.com\/index.php\/wp-json\/wp\/v2\/pages\/731\/revisions"}],"predecessor-version":[{"id":1359,"href":"https:\/\/www.atelier-autruche-chapeaux.com\/index.php\/wp-json\/wp\/v2\/pages\/731\/revisions\/1359"}],"wp:attachment":[{"href":"https:\/\/www.atelier-autruche-chapeaux.com\/index.php\/wp-json\/wp\/v2\/media?parent=731"}],"curies":[{"name":"wp","href":"https:\/\/api.w.org\/{rel}","templated":true}]}}